s divided by i(-6)?
5
Suppose 13*k - 3917 = 1907. Calculate the remainder when k is divided by 18.
16
Suppose 4*u - 6*u - 2*m - 1070 = 0, -2*m = -5*u - 2682. Let s = u + 557. What is the remainder when (-1 + -59)*1*-1 is divided by s?
18
Let k be 129/(27/(-180)*-2). Suppose 3*a = -4*c + k, 19*c - 14*c = -10. Calculate the remainder when a is divided by 39.
29
Suppose 3*u - 5*f = -2*f + 3, -4*u - 3*f + 25 = 0. Suppose 0 = -3*j + k - u*k + 72, -3*k - 104 = -5*j. What is the remainder when 65 is divided by j?
21
Calculate the remainder when 1425 is divided by (108/(-21))/(-3)*(-16)/((-128)/28).
3
Let p(f) = -f**3 + 119*f**2 - 113*f - 575. Calculate the remainder when 992 is divided by p(118).
2
Let p be (7 - (5 + -2))*(-21)/12. Suppose 2*d - 18 = -4*v, d - 5 = -3*v - 1. What is the remainder when (-24 + 9)/(3/p) is divided by d?
16
Let o = 294 + -287. Suppose -4*l + 9 = -23. Let p = 14 - l. Calculate the remainder when o is divided by p.
1
Suppose 0 = f + 4*a - 13, 2*a - 3 = 3*f - 0*a. What is the remainder when 8/(2/(-4) + f) is divided by (3/(-7) - 0)*111916/(-3426)?
2
Suppose 30 + 20 = 10*d. Suppose -2*k + 12 = d*b - b, 4*b - 12 = -3*k. Calculate the remainder when 41 is divided by b.
2
Suppose -80 = -2*r + 5*l, r + 3*l - 8*l - 30 = 0. Calculate the remainder when 3031 is divided by r.
31
Suppose a - 76 = -74. Calculate the remainder when (0 + 42)/(2/3) is divided by a/8 + (-312)/(-32) + 3.
11
Let s = -5029 - -6010. What is the remainder when s is divided by 317?
30
Let n = 18 + -10. Suppose d + 906 = -19*d + 1455 + 971. What is the remainder when d is divided by n?
4
Let v(w) = 75*w + 2337. What is the remainder when 1639 is divided by v(-31)?
7
Suppose -15*l = 13*l + 54*l - 1558. Calculate the remainder when 112 is divided by l.
17
Let o(y) = 28*y + 241. What is the remainder when o(101) is divided by 179?
26
Let w(z) be the first derivative of -z**4/4 + 2*z**3 + 3*z**2/2 + 4*z + 5. Let p be ((-23)/(-46))/(2/24). Calculate the remainder when 85 is divided by w(p).
19
Let k(s) = 3*s**2 + 14*s + 19. Let j be k(-5). Suppose j*g = -107 + 731. What is the remainder when 1401 is divided by g?
23
Suppose -y - 2*u = -50, 37 = -3*y - 2*u + 167. What is the remainder when 991 is divided by y?
31
Let l(n) = -744*n - 1364. What is the remainder when l(-3) is divided by 21?
7
Let d = -491 + 697. What is the remainder when d is divided by 32?
14
Let m(b) = b**3 + 39*b**2 + 86*b - 760. Let k(l) = -l**3 - 2*l**2 + 2*l. Let w be k(-3). Let s = w + 9. Calculate the remainder when m(-36) is divided by s.
8
Let v(p) = -76*p + 700. What is the remainder when v(-41) is divided by 67?
64
Let w = 642 - 621. Let y(k) = 2*k**3 - 2*k**2. Let b be y(4). Suppose -3*z - 6*q = -q - b, -z = -2*q - w. What is the remainder when z is divided by 14?
13
Let n(w) = -w**3 - 40*w**2 - 105*w - 1030. What is the remainder when 185 is divided by n(-38)?
41
Suppose y - 49*j + 48*j = 1530, -4*y - 4*j + 6096 = 0. Calculate the remainder when y is divided by 51.
48
Let y(q) = 59*q + 42*q + 321 - 67*q. What is the remainder when y(8) is divided by 27?
26
What is the remainder when 627 is divided by ((-24)/(-18))/((-8)/(-246))?
12
Suppose -4*t + 984 = 2*p, -98*t + 94*t + 2944 = 6*p. Calculate the remainder when 2450 is divided by p.
0
Suppose 0 = -2*f - 4*d + 382, f + d = 2*f - 191. Let s = f - 165. Calculate the remainder when 101 is divided by s.
23
Let u(l) = -l**3 - 4*l**2 + 5*l + 9. Let n be u(-5). Let d(v) = -2*v**2 + 34*v - 21. Calculate the remainder when d(n) is divided by 63.
60
Suppose i + 37 = 34. What is the remainder when i/6*(-896)/14 is divided by (-5)/(-1) - (-4 + 2)?
4
Suppose -7*u + 319 + 52 = 0. Suppose 0 = 5*a + 5*a - 3690. Calculate the remainder when a is divided by u.
51
Suppose -88*n = -48*n - 15*n - 2950. Calculate the remainder when 273 is divided by n.
37
Suppose 0 = 2558*b - 2598*b + 3160. What is the remainder when 945 is divided by b?
76
Let b(f) = -f**3 + 4*f**2 + f + 4. Let r(y) = -372*y**2 - 23063*y + 72. What is the remainder when r(-62) is divided by b(4)?
2
Suppose b + 24 = 5*b - g, 4*g = 2*b - 26. Let a(n) = -3 - n**2 - n + 2*n**2 + 7*n + 0*n. Calculate the remainder when a(b) is divided by 18.
16
Suppose -136*t + 11390 = -2482. What is the remainder when t is divided by 23?
10
Let n = 67 - -214. What is the remainder when n is divided by 11?
6
Let v(g) = 3*g - 13. Let z be v(9). Let c = z - -2. Suppose -6*s = -5*s - c. Calculate the remainder when 46 is divided by s.
14
Let y be 1570/(-14) + (-75)/(-35) + -2. Calculate the remainder when 18 is divided by (-18)/4*y/56.
0
Calculate the remainder when (-114 - -113)/((-2)/12892) is divided by 7.
6
Suppose -266*s = -90*s - 5808. What is the remainder when s is divided by 3?
0
Let x be (-123)/12 + 3*(-4)/(-48). Let t be (-1815)/(-75) - (-2)/x. What is the remainder when 92 is divided by -9*(1 - 3)*t/18?
20
Let x(f) = 3*f**2 + 9*f + 7. Let d = -13861 + 13870. Calculate the remainder when x(-6) is divided by d.
7
What is the remainder when 5012 is divided by -6 - ((7 + -6)/(-5))/(12/1740)?
21
Let t be (-3 - -5) + 9 + 36/(-9). Suppose -4*z - 3*j = -674, -5*j - t = 3. Calculate the remainder when z is divided by 19.
18
Let o(c) = -c**2 + 18*c + 1. What is the remainder when o(8) is divided by (5 - 35)/((12 + -2)/(-5))?
6
Suppose -3*d = 5*k - 797, 57*k - 3*d - 803 = 52*k. Calculate the remainder when k is divided by 103.
57
Let x(k) = 4*k**3 - 36*k**2 - 10*k + 6. Let z(u) = 30*u**3 - u**2 + 3*u - 1. Calculate the remainder when x(10) is divided by z(1).
27
Let x = 3942 + -2879. What is the remainder when x is divided by 10?
3
Suppose g = -13*h + 501, -h + 27*g + 69 = 22*g. Let f = 46 - -69. What is the remainder when f is divided by h?
37
Calculate the remainder when (-32 + (-368)/(-12))/((-1)/432*2) is divided by 149.
139
Calculate the remainder when 10646 is divided by (0 - 12180/(-72)) + (-4)/24.
168
Suppose -51*v = -46*v - 135 - 1215. What is the remainder when 1095 is divided by v?
15
Let d = -4943 + 4962. Calculate the remainder when 930 is divided by d.
18
Suppose 2*f - 13*f + 4752 = 0. Let v = 478 - f. What is the remainder when 88 is divided by v?
42
Let z(j) = -j**2 - 5*j + 16. Calculate the remainder when 3/((-15)/(-400)) - (0 + -2) is divided by z(-6).
2
Let w = 3427 + -3407. Calculate the remainder when 76 is divided by w.
16
What is the remainder when 301 is divided by (133/6)/(97/1164)?
35
Let a = -603 - -602. What is the remainder when 37 is divided by (-9)/8*4*a*2?
1
Suppose 23*q - 11583 = -3*w, -54*q - 5*w - 1527 = -57*q. What is the remainder when q is divided by 140?
84
Suppose -7712*g + 7741*g - 3770 = 0. Calculate the remainder when 269 is divided by g.
9
Let f(g) = 19*g + 373. What is the remainder when 416 is divided by f(-18)?
13
Let l(s) = -s**2 - 12*s + 9. Let a be l(-11). Calculate the remainder when (-1 - (-61)/5)/(a/350) is divided by 18.
16
Let m(p) = 178*p**2 - 8*p + 14. What is the remainder when m(2) is divided by 179?
173
Let s = 2572 + -2309. What is the remainder when s is divided by 21?
11
Calculate the remainder when ((-1836)/(-340))/(-3 + 393/130) is divided by 129.
105
Let v(c) = -c**3 + 8*c**2 - 3*c. Suppose 0 = 4*b + 3*b + 686. Let j = 203 + b. Calculate the remainder when j is divided by v(3).
33
Suppose 111 = a + 2*z, 4*a - 701 = 3*z - 202. What is the remainder when 3506 is divided by a?
118
Suppose -11*t - 41 + 338 = 0. What is the remainder when 991 is divided by t?
19
Suppose j + 93 = 94, 4*t + j - 753 = 0. Calculate the remainder when 2266 is divided by t.
10
Let t(o) = 13*o - 63. Let b be t(6). Calculate the remainder when (558/b)/(10/25) is divided by 24.
21
Suppose 3*u - 5*b = -1006, -3*u - 335 = -2*u - 2*b. Let a = u - -573. What is the remainder when a is divided by 34?
32
Let i = -3097 + 3200. Calculate the remainder when 3087 is divided by i.
100
Let v(k) = 2*k + 13. Let g(i) = -5*i - 39. Let u(l) = -3*g(l) - 8*v(l). What is the remainder when (-3 + (-14)/(-4))*(72 - 42) is divided by u(6)?
1
Suppose -3*p + 5 = m, -2*m - 2*p = 47 - 53. Calculate the remainder when 2557 is divided by m.
1
Let t = -1 - -1. Suppose 75*j + 58 = -317. Let f = t - j. What is the remainder when 8 is divided by f?
3
What is the remainder when 496 is divided by 28 - (134/22 -